of b and 2?
1
Suppose 0 = -0*s + 2*s - 104. Calculate the highest common divisor of 26 and s.
26
Let s = -9 + 16. Calculate the greatest common factor of s and 1.
1
Let n = 78 + -35. Let u = 83 - n. Calculate the highest common factor of 8 and u.
8
Suppose -4*v - 2*z - 66 = -9*v, 60 = 4*v - 4*z. What is the highest common factor of 192 and v?
12
Let u(r) = r - 8. Let a be u(13). Let v be (10/(-4))/(1/(-22)). Calculate the highest common divisor of a and v.
5
Let a(z) = 7*z**2 + 4*z + 1. Let d be a(-1). Let r = 63 - 27. Calculate the greatest common divisor of r and d.
4
Let w = 7 + 0. What is the greatest common factor of w and 14?
7
Let s(g) = -g**3 - 5*g**2 + 6*g + 9. Let w = -13 - -7. Let f be s(w). Let p = 16 - f. Calculate the greatest common factor of 63 and p.
7
Let o(j) = 13*j - 5. Let u be o(2). Calculate the highest common factor of 189 and u.
21
Suppose -d - 1 = u, 22 = 5*u - 6*d + 2*d. Calculate the highest common factor of u and 4.
2
Let g(x) = x**3 - x**2 - 2*x - 2. Let j be g(3). Calculate the greatest common factor of j and 50.
10
Suppose -r + 2*i + 23 = -3*i, 5*r = -2*i + 7. What is the highest common factor of r and 33?
3
Let y = 1014 + -549. Suppose 0 = -3*v - 15, w - v - y = -4*w. Let x = w - 4. Calculate the highest common divisor of 11 and x.
11
Suppose -8*u + 12 = -5*u. Suppose 2*w + 5*o = 4*w - 19, -5*o - 7 = u*w. What is the greatest common divisor of 14 and w?
2
Suppose -348 = -3*x - 0*x. Let c = -32 + x. Let u = -5 + 17. What is the greatest common factor of c and u?
12
Let w be (-6)/8 - (-669)/12. Let c be ((-88)/55)/((-1)/w). Let p = 6 - -5. What is the highest common factor of p and c?
11
Let l be (-1)/(-4) + (-220)/(-16). Calculate the greatest common factor of 21 and l.
7
Let r be ((-2)/(-5))/(1/15). Let c(h) = -h**3 - 5*h**2 + 6*h + 6. Let v be c(-6). Calculate the greatest common divisor of v and r.
6
Let i = -17 - -66. Calculate the highest common divisor of i and 7.
7
Suppose w + 18 = 5*b, 3*w + 10 = 3*b + b. Suppose 0 = w*i, n = -4*n + i + 105. Calculate the highest common factor of n and 126.
21
Suppose 0 = m + 4*b - 46, 2*m + 3*m = 5*b + 130. What is the highest common factor of 10 and m?
10
Let a(i) = 14*i - 26. Let q be a(4). What is the greatest common divisor of 45 and q?
15
Suppose -6 = 2*h - 36. Suppose -j - 5*f = -h, -j - f = 2*j - 45. Calculate the highest common divisor of j and 15.
15
Suppose 5*u = 122 + 148. Let p(h) = -19*h - 2. Let r be p(-2). Calculate the greatest common divisor of r and u.
18
Let n be 2*(1 + (-1)/(-2)). Let g be (2/4)/((-2)/(-8)). What is the greatest common divisor of n and g?
1
Suppose 0 = -4*y + 6*y. Suppose -585 = -5*q - 9*f + 4*f, 4*q - 2*f - 438 = y. What is the highest common divisor of 14 and q?
14
Let u = -749 - -1079. What is the greatest common factor of 30 and u?
30
Let a(u) = u + 11. Let x be a(-5). Suppose -2*t = -5*y + 10, y = -0*y + 5*t - 21. Calculate the greatest common factor of x and y.
2
Let k(z) = z**2 - 1. Let j be k(-4). Let m(t) = -t**3 + 8*t**2 - 4. Let u be m(8). Let l be (-3)/(-1 - u) + 4. What is the highest common factor of l and j?
3
Suppose 0*a - a - 5 = -n, 3*a = -5*n + 1. What is the greatest common factor of n and 2?
2
Suppose 5*w - 1067 = 4*a - 177, 0 = -4*w + a + 723. What is the highest common divisor of w and 26?
26
Let u be 2*3*(0 + 3 - 2). Calculate the highest common factor of 66 and u.
6
Suppose 0 = -12*p + 18*p - 12. What is the highest common factor of 8 and p?
2
Let v be (20/25)/(2/40). What is the greatest common divisor of v and 4?
4
Let m be (-4)/18 - 1274/(-63). Calculate the greatest common divisor of m and 220.
20
Let k(p) be the first derivative of p**4/4 + 8*p**3/3 - 5*p**2 - 2. Let c be k(-8). What is the highest common divisor of 20 and c?
20
Let b be ((-1 - 41) + 2)/(-2). What is the greatest common factor of 4 and b?
4
Suppose 2*c - s - 12 = 3*s, -s - 2 = 0. Suppose c*a - 38 = 92. What is the greatest common factor of 13 and a?
13
Suppose 3*p = -111 + 441. Suppose 2*x - 22 = 14. Suppose -2*n + x = r - 2*r, -3*n - r = -32. What is the greatest common divisor of p and n?
10
Let g(u) = -u + 1. Let h be g(2). Let k be h/4 - (-33)/4. Let x(q) = -q**2 + 10*q - 7. Let l be x(k). Calculate the highest common divisor of 63 and l.
9
Suppose 3*w + 1 = -4*h + 8*w, 27 = 2*h + 3*w. Let x = 32 - 28. Calculate the highest common factor of h and x.
2
Let g be (4 - 48/(-3))/2. Calculate the greatest common divisor of 20 and g.
10
Suppose -l - 3*s = l - 300, -l = -2*s - 157. Calculate the greatest common divisor of 17 and l.
17
Suppose 3*d - 303 = -3*a, 3 = 2*a - 1. Let m = -15 + 21. Let q be 303/27 - m/27. What is the greatest common divisor of d and q?
11
Let s be 6 + (-3 - -4)/(-1). Suppose -w + 9 = -3*n - 11, -s*n = 3*w - 32. What is the greatest common divisor of 28 and w?
14
Let l = -66 - -90. What is the greatest common divisor of l and 3?
3
Let k be (-330)/(-9) - (-4)/(-6). What is the greatest common divisor of k and 72?
36
Suppose 0 = -w - 1, 4*m + 2*w - 26 = 4*w. Let r = -5 + 8. Calculate the greatest common divisor of r and m.
3
Let y = -22 + 39. Let u(p) = 16*p - 23. Let j be u(11). What is the highest common divisor of j and y?
17
Let u(f) = f**2 - 4*f - 1. Let g be -1*3/(6/(-10)). Let j be u(g). Calculate the greatest common divisor of j and 4.
4
Let q(w) = 279*w**3 - w**2 - w + 2. Let m be q(1). Calculate the greatest common divisor of m and 31.
31
Let p(o) = 23*o - 22. Let k be p(4). Calculate the highest common factor of 10 and k.
10
Let d(f) = 6*f**2 + 2*f - 1. Let q be d(2). Let g = q + -9. What is the highest common divisor of g and 6?
6
Let z be (-1 + -1)*(-1)/2. Let c be ((-1)/((-2)/54))/z. What is the highest common divisor of 9 and c?
9
Let k(b) = 3*b**2 + b. Let z be k(-4). Let j be 0/(4*-1 + 2). Let c = j - -4. Calculate the highest common divisor of z and c.
4
Let b(a) = -a**2 - 15*a + 13. Let g be b(-11). Let y = 80 - g. Calculate the highest common divisor of 253 and y.
23
Let g = 30 - 22. Let p(s) = -s**3 + 7*s**2 - 6*s + 5. Let l be p(6). Suppose -4*u - 4*x = -0*u - 320, l*x = 0. Calculate the highest common factor of u and g.
8
Suppose 0 = 4*y - 37 + 1. Let w(k) = k**3 - 5*k**2 + 2*k - 3. Let z be w(6). What is the highest common divisor of y and z?
9
Let c be -19*(5 + 18/(-3)). Calculate the greatest common divisor of 19 and c.
19
Suppose -3*n + 1 = -4*b, 0*n - 8 = 3*n + 5*b. Let h = n - -7. Let j be 54/(-8)*(-7 + -1). Calculate the highest common factor of j and h.
6
Let j = -30 - -54. Calculate the greatest common divisor of j and 216.
24
Let j(m) = m**2 + 6*m - 7. Let y be j(5). Calculate the highest common factor of y and 120.
24
Let c = -69 - -97. Suppose -5*w = 4*q - 47, c + 29 = 5*w - q. Suppose 5*f - 180 = 5*t, -17 - 130 = -4*f + 5*t. What is the greatest common factor of w and f?
11
Let v = -65 + 218. What is the highest common divisor of 17 and v?
17
Let q be 42*2/3*2/4. Let m(d) = -d**3 - 5*d**2 - d + 3. Let t be m(-5). Let y = q + t. What is the highest common factor of y and 44?
22
Suppose 4*x + 0*m - 1626 = -2*m, 0 = -3*x + m + 1212. What is the greatest common factor of 45 and x?
45
Let d = -10 - -15. Suppose -2*q = -4*q - d*s - 64, 5*q + 3*s + 160 = 0. Let u = -7 - q. What is the greatest common factor of 5 and u?
5
Let r(y) = y**3 + 5*y**2 + y + 1. Let f be r(-4). Let i = 19 + f. Calculate the highest common factor of i and 48.
16
Let d(z) = z**2 + 7*z + 12. Let u be d(-6). Calculate the greatest common divisor of u and 18.
6
Let u(o) = -2*o**2. Let a(k) = k**2 + k + 1. Let p(x) = 3*a(x) - u(x). Let d be p(-2). Calculate the highest common divisor of 136 and d.
17
Suppose 9*k - 5*l - 5 = 4*k, -2*l + 8 = 0. What is the highest common divisor of k and 15?
5
Suppose 3*f = 13 + 26. Calculate the greatest common factor of 39 and f.
13
Let z be 2 + 6/(-3) + 77. What is the greatest common divisor of 7 and z?
7
Suppose 4*o + 0*o - 132 = 0. Let z be -2 - ((-1 - -3) + -15). What is the greatest common divisor of o and z?
11
Let p = -54 + 78. What is the greatest common divisor of p and 96?
24
Suppose 5*o - 19 = -0*o + 4*r, 4*o - 3*r = 16. Suppose 0 = -o*a + 2*a + 35. Calculate the highest common factor of 77 and a.
7
Let m(q) = q**3 + 12*q**2 + 4*q + 7. Let d be m(-11). Suppose 2*u + 8 = 